{"id":16,"date":"2011-03-24T11:32:46","date_gmt":"2011-03-24T09:32:46","guid":{"rendered":"http:\/\/www.senioren-freizeitkontakte.com\/?page_id=16"},"modified":"2015-01-05T10:52:04","modified_gmt":"2015-01-05T08:52:04","slug":"reisepartner-gesucht","status":"publish","type":"page","link":"https:\/\/www.senioren-freizeitkontakte.com\/?page_id=16","title":{"rendered":"Reisepartner gesucht"},"content":{"rendered":"<p>Sind Sie Single, verwitwet oder vielleicht auch schon Rentner? Sehnen Sie sich nach einem Lebenspartner, nach einem Freizeitpartner oder nur nach einer Reisebegleitung?<\/p>\n<div id=\"attachment_70\" style=\"width: 635px\" class=\"wp-caption alignnone\"><img aria-describedby=\"caption-attachment-70\" loading=\"lazy\" class=\"size-large wp-image-70\" src=\"http:\/\/www.senioren-freizeitkontakte.com\/wp-content\/uploads\/2011\/03\/Reisebegleitung-gemeinsame-Unternehmungen-Senioren-1024x423.jpg\" alt=\"Reisepartner finden - Eine gezielte Suche \u00fcber Agenturen verspricht Erfolg!\" width=\"625\" height=\"258\" srcset=\"https:\/\/www.senioren-freizeitkontakte.com\/wp-content\/uploads\/2011\/03\/Reisebegleitung-gemeinsame-Unternehmungen-Senioren-1024x423.jpg 1024w, https:\/\/www.senioren-freizeitkontakte.com\/wp-content\/uploads\/2011\/03\/Reisebegleitung-gemeinsame-Unternehmungen-Senioren-300x124.jpg 300w, https:\/\/www.senioren-freizeitkontakte.com\/wp-content\/uploads\/2011\/03\/Reisebegleitung-gemeinsame-Unternehmungen-Senioren-624x258.jpg 624w, https:\/\/www.senioren-freizeitkontakte.com\/wp-content\/uploads\/2011\/03\/Reisebegleitung-gemeinsame-Unternehmungen-Senioren.jpg 1274w\" sizes=\"(max-width: 625px) 100vw, 625px\" \/><p id=\"caption-attachment-70\" class=\"wp-caption-text\">Reisepartner finden &#8211; Eine gezielte Suche \u00fcber Agenturen verspricht Erfolg!<\/p><\/div>\n<p>Sie m\u00fcssen nicht verzagen, denn obgleich sich gerade bei \u00e4lteren Alleinstehenden die Partner- suche wesentlich schwieriger gestaltet als bei j\u00fcngeren Singles, so ist es dennoch niemals unm\u00f6glich, dass auch Sie das Gl\u00fcck noch einmal finden.<br \/>\nVielleicht haben Sie bisher noch nie die M\u00f6glichkeit in Betracht gezogen, einen Partner in einer Datingb\u00f6rse oder sogar \u00fcber eine Partnervermittlung zu suchen. Die moderne Kontaktaufnahme \u00fcber das Internet ist f\u00fcr \u00e4ltere Menschen oftmals mit einer gro\u00dfen Scheu verbunden. Sie sollten diesen Aspekt nicht au\u00dfer Acht lassen, ebenso ist es Tatsache, dass sich schon zahlreiche \u00e4ltere Paare in einem Dating-Portal oder einer Singleb\u00f6rse kennengelernt haben.<\/p>\n<p>Sollte Ihnen diese Art der Partnersuche absolut nicht behagen, weil Sie glauben, hintergangen zu werden oder weil Ihnen dies alles zu suspekt bzw. auch zu anonym ist, dann k\u00f6nnen Sie ebenso gut eine Partnervermittlung in Anspruch nehmen. Partnervermittlungen gibt es ebenfalls sehr viele im gro\u00dfen World Wide Web. Allerdings k\u00f6nnen Sie ebenso die Partneragentur Ihres Vertrauens pers\u00f6nlich aufsuchen. Seri\u00f6se Partnervermittlungen sch\u00e4tzen den pers\u00f6nlichen Kontakt zu Ihren Singles ohnehin sehr. Denn nur so ist m\u00f6glich, individuelle Vorschl\u00e4ge f\u00fcr die Partnersuche zu unterbreiten und in den Gespr\u00e4chen k\u00f6nnen auch alle Unklarheiten sofort beseitigt und Fragen ebenfalls sogleich beantwortet werden.<\/p>\n<p>Sie sollten immer bedenken, dass Sie nicht der einzige Mensch \u00fcber 50 sind, der sich nach Liebe und Geborgenheit, Herzensw\u00e4rme und Zweisamkeit sehnt.<a href=\"http:\/\/www.single-senioren.com\/?cat=6\"><strong> In der Partnervermittlung finden Sie Ihr Herzblatt &#8211; egal ob den Freizeitkontakt oder den Reisepartner!<\/strong><\/a><\/p>\n<p>&nbsp;<\/p>\n<h1>Agenturen f\u00fcr Freizeit- und Reisepartner<\/h1>\n<p>Angebote gibt es im Internet viele &#8211; doch was ist das Beste f\u00fcr mich? Schauen Sie sich um, gehen Sie auch einmal auf Online-Portale. Versuchen Sie dort, jemanden kennenzulernen. Doch wie gro\u00df werden die Chancen sein? Was denken Sie?<\/p>\n<p>Oder Sie versuchen es bei Partneragenturen, mit denen man pers\u00f6nlich Kontakt aufnehmen kann, die einen Ansprechpartner haben und auch jederzeit erreichbar sind. Wird es hier einfach werden, jemand passenden zu finden?<\/p>\n<p><strong>\u00dcberzeugen Sie sich selbst und werden Sie aktiv bei der Suche nach einem Freizeit- und Reisepartner, der Ihren Vorstellung und W\u00fcnschen auch entspricht&#8230;<\/strong><\/p>\n<p><strong>&#8230;denn <a href=\"http:\/\/www.senioren-partneragentur.com\/?page_id=75\">Agenturen mit pers\u00f6nlicher Beratung<\/a> gibt es nicht so viele!<\/strong><\/p>\n<p>&nbsp;<\/p>\n<p>&nbsp;<\/p>\n<p>&nbsp;<\/p>\n","protected":false},"excerpt":{"rendered":"<p>Sind Sie Single, verwitwet oder vielleicht auch schon Rentner? Sehnen Sie sich nach einem Lebenspartner, nach einem Freizeitpartner oder nur nach einer Reisebegleitung? Sie m\u00fcssen nicht verzagen, denn obgleich sich gerade bei \u00e4lteren Alleinstehenden die Partner- suche wesentlich schwieriger gestaltet als bei j\u00fcngeren Singles, so ist es dennoch niemals unm\u00f6glich, dass auch Sie das Gl\u00fcck [&hellip;]<\/p>\n","protected":false},"author":2,"featured_media":0,"parent":0,"menu_order":0,"comment_status":"closed","ping_status":"closed","template":"","meta":[],"_links":{"self":[{"href":"https:\/\/www.senioren-freizeitkontakte.com\/index.php?rest_route=\/wp\/v2\/pages\/16"}],"collection":[{"href":"https:\/\/www.senioren-freizeitkontakte.com\/index.php?rest_route=\/wp\/v2\/pages"}],"about":[{"href":"https:\/\/www.senioren-freizeitkontakte.com\/index.php?rest_route=\/wp\/v2\/types\/page"}],"author":[{"embeddable":true,"href":"https:\/\/www.senioren-freizeitkontakte.com\/index.php?rest_route=\/wp\/v2\/users\/2"}],"replies":[{"embeddable":true,"href":"https:\/\/www.senioren-freizeitkontakte.com\/index.php?rest_route=%2Fwp%2Fv2%2Fcomments&post=16"}],"version-history":[{"count":10,"href":"https:\/\/www.senioren-freizeitkontakte.com\/index.php?rest_route=\/wp\/v2\/pages\/16\/revisions"}],"predecessor-version":[{"id":130,"href":"https:\/\/www.senioren-freizeitkontakte.com\/index.php?rest_route=\/wp\/v2\/pages\/16\/revisions\/130"}],"wp:attachment":[{"href":"https:\/\/www.senioren-freizeitkontakte.com\/index.php?rest_route=%2Fwp%2Fv2%2Fmedia&parent=16"}],"curies":[{"name":"wp","href":"https:\/\/api.w.org\/{rel}","templated":true}]}}